[INFO] cloning repository https://github.com/cryptonote-rust/wallet
[INFO] running `Command { std: "git" "-c" "credential.helper=" "-c" "credential.helper=/workspace/cargo-home/bin/git-credential-null" "clone" "--bare" "https://github.com/cryptonote-rust/wallet" "/workspace/cache/git-repos/https%3A%2F%2Fgithub.com%2Fcryptonote-rust%2Fwallet", kill_on_drop: false }`
[INFO] [stderr] Cloning into bare repository '/workspace/cache/git-repos/https%3A%2F%2Fgithub.com%2Fcryptonote-rust%2Fwallet'...
[INFO] running `Command { std: "git" "rev-parse" "HEAD", kill_on_drop: false }`
[INFO] [stdout] 4eb4ec04dc932d4781c426213fee6d284910e25a
[INFO] checking cryptonote-rust/wallet against try#72f88fc4e9458f89516a0b8b0868f3718aec5b47 for pr-74989
[INFO] running `Command { std: "git" "clone" "/workspace/cache/git-repos/https%3A%2F%2Fgithub.com%2Fcryptonote-rust%2Fwallet" "/workspace/builds/worker-11/source", kill_on_drop: false }`
[INFO] [stderr] Cloning into '/workspace/builds/worker-11/source'...
[INFO] [stderr] done.
[INFO] validating manifest of git repo https://github.com/cryptonote-rust/wallet on toolchain 72f88fc4e9458f89516a0b8b0868f3718aec5b47
[INFO] running `Command { std: "/workspace/cargo-home/bin/cargo" "+72f88fc4e9458f89516a0b8b0868f3718aec5b47" "read-manifest" "--manifest-path" "Cargo.toml", kill_on_drop: false }`
[INFO] started tweaking git repo https://github.com/cryptonote-rust/wallet
[INFO] finished tweaking git repo https://github.com/cryptonote-rust/wallet
[INFO] tweaked toml for git repo https://github.com/cryptonote-rust/wallet written to /workspace/builds/worker-11/source/Cargo.toml
[INFO] running `Command { std: "/workspace/cargo-home/bin/cargo" "+72f88fc4e9458f89516a0b8b0868f3718aec5b47" "generate-lockfile" "--manifest-path" "Cargo.toml" "-Zno-index-update", kill_on_drop: false }`
[INFO] running `Command { std: "/workspace/cargo-home/bin/cargo" "+72f88fc4e9458f89516a0b8b0868f3718aec5b47" "fetch" "--locked" "--manifest-path" "Cargo.toml", kill_on_drop: false }`
[INFO] [stderr]  Downloading crates ...
[INFO] [stderr]   Downloaded cryptonote-currency v0.1.0
[INFO] [stderr]   Downloaded cryptonote-account v0.1.4
[INFO] [stderr]   Downloaded cryptonote-basic v0.1.0
[INFO] [stderr]   Downloaded cryptonote-config v0.1.1
[INFO] [stderr]   Downloaded cryptonote-varint v0.1.3
[INFO] [stderr]   Downloaded cryptonote-base58 v0.1.2
[INFO] [stderr]   Downloaded bindgen v0.45.0
[INFO] [stderr]   Downloaded cryptonote-raw-crypto v0.5.7
[INFO] running `Command { std: "docker" "create" "-v" "/var/lib/crater-agent-workspace/builds/worker-11/target:/opt/rustwide/target:rw,Z" "-v" "/var/lib/crater-agent-workspace/builds/worker-11/source:/opt/rustwide/workdir:ro,Z" "-v" "/var/lib/crater-agent-workspace/cargo-home:/opt/rustwide/cargo-home:ro,Z" "-v" "/var/lib/crater-agent-workspace/rustup-home:/opt/rustwide/rustup-home:ro,Z" "-e" "SOURCE_DIR=/opt/rustwide/workdir" "-e" "CARGO_TARGET_DIR=/opt/rustwide/target" "-e" "CARGO_HOME=/opt/rustwide/cargo-home" "-e" "RUSTUP_HOME=/opt/rustwide/rustup-home" "-w" "/opt/rustwide/workdir" "-m" "1610612736" "--user" "0:0" "--network" "none" "rustops/crates-build-env@sha256:d92eaeed33fa75130ca1ee6c8a01d1ffb62bac859dfdfb3450e3e5d1c0146529" "/opt/rustwide/cargo-home/bin/cargo" "+72f88fc4e9458f89516a0b8b0868f3718aec5b47" "metadata" "--no-deps" "--format-version=1", kill_on_drop: false }`
[INFO] [stdout] 5d2a2827ce6ee55a7e547d5d006918c88a95bf440217b2f96590ba0741a8b046
[INFO] [stderr] WARNING: Your kernel does not support swap limit capabilities or the cgroup is not mounted. Memory limited without swap.
[INFO] running `Command { std: "docker" "start" "-a" "5d2a2827ce6ee55a7e547d5d006918c88a95bf440217b2f96590ba0741a8b046", kill_on_drop: false }`
[INFO] running `Command { std: "docker" "inspect" "5d2a2827ce6ee55a7e547d5d006918c88a95bf440217b2f96590ba0741a8b046", kill_on_drop: false }`
[INFO] running `Command { std: "docker" "rm" "-f" "5d2a2827ce6ee55a7e547d5d006918c88a95bf440217b2f96590ba0741a8b046", kill_on_drop: false }`
[INFO] [stdout] 5d2a2827ce6ee55a7e547d5d006918c88a95bf440217b2f96590ba0741a8b046
[INFO] running `Command { std: "docker" "create" "-v" "/var/lib/crater-agent-workspace/builds/worker-11/target:/opt/rustwide/target:rw,Z" "-v" "/var/lib/crater-agent-workspace/builds/worker-11/source:/opt/rustwide/workdir:ro,Z" "-v" "/var/lib/crater-agent-workspace/cargo-home:/opt/rustwide/cargo-home:ro,Z" "-v" "/var/lib/crater-agent-workspace/rustup-home:/opt/rustwide/rustup-home:ro,Z" "-e" "SOURCE_DIR=/opt/rustwide/workdir" "-e" "CARGO_TARGET_DIR=/opt/rustwide/target" "-e" "CARGO_INCREMENTAL=0" "-e" "RUST_BACKTRACE=full" "-e" "RUSTFLAGS=--cap-lints=forbid" "-e" "CARGO_HOME=/opt/rustwide/cargo-home" "-e" "RUSTUP_HOME=/opt/rustwide/rustup-home" "-w" "/opt/rustwide/workdir" "-m" "1610612736" "--user" "0:0" "--network" "none" "rustops/crates-build-env@sha256:d92eaeed33fa75130ca1ee6c8a01d1ffb62bac859dfdfb3450e3e5d1c0146529" "/opt/rustwide/cargo-home/bin/cargo" "+72f88fc4e9458f89516a0b8b0868f3718aec5b47" "check" "--frozen" "--all" "--all-targets" "--message-format=json", kill_on_drop: false }`
[INFO] [stderr] WARNING: Your kernel does not support swap limit capabilities or the cgroup is not mounted. Memory limited without swap.
[INFO] [stdout] 264174a19bd0e4872a1908ee509b375190233eb07fb88f2f22e481a1d157c238
[INFO] running `Command { std: "docker" "start" "-a" "264174a19bd0e4872a1908ee509b375190233eb07fb88f2f22e481a1d157c238", kill_on_drop: false }`
[INFO] [stderr]    Compiling autocfg v1.0.1
[INFO] [stderr]    Compiling libc v0.2.77
[INFO] [stderr]     Checking rand_core v0.4.2
[INFO] [stderr]    Compiling autocfg v0.1.7
[INFO] [stderr]    Compiling memchr v2.3.3
[INFO] [stderr]    Compiling proc-macro2 v1.0.21
[INFO] [stderr]    Compiling version_check v0.9.2
[INFO] [stderr]    Compiling cfg-if v0.1.10
[INFO] [stderr]    Compiling unicode-xid v0.2.1
[INFO] [stderr]    Compiling syn v1.0.40
[INFO] [stderr]    Compiling adler v0.2.3
[INFO] [stderr]    Compiling getrandom v0.1.15
[INFO] [stderr]    Compiling cc v1.0.59
[INFO] [stderr]    Compiling version_check v0.1.5
[INFO] [stderr]    Compiling lazy_static v1.4.0
[INFO] [stderr]    Compiling bitflags v1.2.1
[INFO] [stderr]    Compiling rustc-demangle v0.1.16
[INFO] [stderr]    Compiling log v0.4.11
[INFO] [stderr]    Compiling proc-macro2 v0.4.30
[INFO] [stderr]    Compiling quick-error v1.2.3
[INFO] [stderr]    Compiling unicode-width v0.1.8
[INFO] [stderr]    Compiling regex-syntax v0.6.18
[INFO] [stderr]    Compiling byteorder v1.3.4
[INFO] [stderr]    Compiling ansi_term v0.11.0
[INFO] [stderr]    Compiling vec_map v0.8.2
[INFO] [stderr]    Compiling termcolor v1.1.0
[INFO] [stderr]    Compiling bindgen v0.45.0
[INFO] [stderr]    Compiling strsim v0.8.0
[INFO] [stderr]    Compiling crunchy v0.2.2
[INFO] [stderr]     Checking ppv-lite86 v0.2.9
[INFO] [stderr]     Checking cpuid-bool v0.1.2
[INFO] [stderr]     Checking opaque-debug v0.3.0
[INFO] [stderr]     Checking subtle v2.3.0
[INFO] [stderr]     Checking signature v1.2.2
[INFO] [stderr]     Checking cryptonote-basic v0.1.0
[INFO] [stderr]     Checking hex v0.3.2
[INFO] [stderr]     Checking arrayref v0.3.6
[INFO] [stderr]     Checking cryptonote-varint v0.1.3
[INFO] [stderr]    Compiling clang-sys v0.26.4
[INFO] [stderr]    Compiling thread_local v1.0.1
[INFO] [stderr]     Checking rand_core v0.3.1
[INFO] [stderr]     Checking rand_jitter v0.1.4
[INFO] [stderr]    Compiling humantime v1.3.0
[INFO] [stderr]    Compiling textwrap v0.11.0
[INFO] [stderr]    Compiling nom v4.2.3
[INFO] [stderr]    Compiling generic-array v0.14.4
[INFO] [stderr]    Compiling rand_pcg v0.1.2
[INFO] [stderr]    Compiling rand_chacha v0.1.1
[INFO] [stderr]    Compiling rand v0.6.5
[INFO] [stderr]     Checking ed25519 v1.0.2
[INFO] [stderr]    Compiling num-traits v0.2.12
[INFO] [stderr]    Compiling num-integer v0.1.43
[INFO] [stderr]    Compiling miniz_oxide v0.4.2
[INFO] [stderr]    Compiling num-bigint v0.3.0
[INFO] [stderr]    Compiling num-iter v0.1.41
[INFO] [stderr]    Compiling num-rational v0.3.0
[INFO] [stderr]     Checking cryptonote-config v0.1.1
[INFO] [stderr]     Checking rand_hc v0.1.0
[INFO] [stderr]     Checking rand_xorshift v0.1.1
[INFO] [stderr]     Checking rand_isaac v0.1.1
[INFO] [stderr]     Checking tiny-keccak v1.5.0
[INFO] [stderr]    Compiling aho-corasick v0.7.13
[INFO] [stderr]    Compiling quote v0.6.13
[INFO] [stderr]    Compiling quote v1.0.7
[INFO] [stderr]    Compiling libloading v0.5.2
[INFO] [stderr]     Checking digest v0.9.0
[INFO] [stderr]     Checking block-buffer v0.9.0
[INFO] [stderr]    Compiling atty v0.2.14
[INFO] [stderr]     Checking rand_os v0.1.3
[INFO] [stderr]     Checking time v0.1.44
[INFO] [stderr]     Checking dirs v1.0.5
[INFO] [stderr]    Compiling clap v2.33.3
[INFO] [stderr]     Checking sha2 v0.9.1
[INFO] [stderr]    Compiling backtrace v0.3.50
[INFO] [stderr]     Checking cryptonote-currency v0.1.0
[INFO] [stderr]     Checking rand_core v0.5.1
[INFO] [stderr]    Compiling cexpr v0.3.6
[INFO] [stderr]     Checking rand_chacha v0.2.2
[INFO] [stderr]     Checking num-complex v0.3.0
[INFO] [stderr]     Checking rand v0.7.3
[INFO] [stderr]    Compiling failure v0.1.8
[INFO] [stderr]     Checking chrono v0.4.15
[INFO] [stderr]    Compiling which v2.0.1
[INFO] [stderr]    Compiling regex v1.3.9
[INFO] [stderr]    Compiling env_logger v0.6.2
[INFO] [stderr]    Compiling synstructure v0.12.4
[INFO] [stderr]     Checking num v0.3.0
[INFO] [stderr]     Checking rust-base58 v0.0.4
[INFO] [stderr]     Checking cryptonote-base58 v0.1.2
[INFO] [stderr]    Compiling zeroize_derive v1.0.0
[INFO] [stderr]     Checking zeroize v1.1.0
[INFO] [stderr]     Checking curve25519-dalek v3.0.0
[INFO] [stderr]     Checking ed25519-dalek v1.0.0
[INFO] [stderr]     Checking cryptonote-account v0.1.4
[INFO] [stdout] error[E0277]: the trait bound `rand::rngs::OsRng: rand_core::CryptoRng` is not satisfied
[INFO] [stdout]    --> /opt/rustwide/cargo-home/registry/src/github.com-1ecc6299db9ec823/cryptonote-account-0.1.4/src/lib.rs:116:44
[INFO] [stdout]     |
[INFO] [stdout] 116 |     let spend: Keypair = Keypair::generate(&mut spend_rng);
[INFO] [stdout]     |                                            ^^^^^^^^^^^^^^ the trait `rand_core::CryptoRng` is not implemented for `rand::rngs::OsRng`
[INFO] [stdout]     | 
[INFO] [stdout]    ::: /opt/rustwide/cargo-home/registry/src/github.com-1ecc6299db9ec823/ed25519-dalek-1.0.0/src/keypair.rs:130:12
[INFO] [stdout]     |
[INFO] [stdout] 130 |         R: CryptoRng + RngCore,
[INFO] [stdout]     |            --------- required by this bound in `Keypair::generate`
[INFO] [stdout] 
[INFO] [stdout] 
[INFO] [stdout] error[E0277]: the trait bound `rand::rngs::OsRng: rand_core::RngCore` is not satisfied
[INFO] [stdout]    --> /opt/rustwide/cargo-home/registry/src/github.com-1ecc6299db9ec823/cryptonote-account-0.1.4/src/lib.rs:116:44
[INFO] [stdout]     |
[INFO] [stdout] 116 |     let spend: Keypair = Keypair::generate(&mut spend_rng);
[INFO] [stdout]     |                                            ^^^^^^^^^^^^^^ the trait `rand_core::RngCore` is not implemented for `rand::rngs::OsRng`
[INFO] [stdout]     | 
[INFO] [stdout]    ::: /opt/rustwide/cargo-home/registry/src/github.com-1ecc6299db9ec823/ed25519-dalek-1.0.0/src/keypair.rs:130:24
[INFO] [stdout]     |
[INFO] [stdout] 130 |         R: CryptoRng + RngCore,
[INFO] [stdout]     |                        ------- required by this bound in `Keypair::generate`
[INFO] [stdout] 
[INFO] [stdout] 
[INFO] [stdout] error[E0277]: the trait bound `rand::rngs::OsRng: rand_core::CryptoRng` is not satisfied
[INFO] [stdout]    --> /opt/rustwide/cargo-home/registry/src/github.com-1ecc6299db9ec823/cryptonote-account-0.1.4/src/lib.rs:117:43
[INFO] [stdout]     |
[INFO] [stdout] 117 |     let view: Keypair = Keypair::generate(&mut view_rng);
[INFO] [stdout]     |                                           ^^^^^^^^^^^^^ the trait `rand_core::CryptoRng` is not implemented for `rand::rngs::OsRng`
[INFO] [stdout]     | 
[INFO] [stdout]    ::: /opt/rustwide/cargo-home/registry/src/github.com-1ecc6299db9ec823/ed25519-dalek-1.0.0/src/keypair.rs:130:12
[INFO] [stdout]     |
[INFO] [stdout] 130 |         R: CryptoRng + RngCore,
[INFO] [stdout]     |            --------- required by this bound in `Keypair::generate`
[INFO] [stdout] 
[INFO] [stdout] 
[INFO] [stdout] error[E0277]: the trait bound `rand::rngs::OsRng: rand_core::RngCore` is not satisfied
[INFO] [stdout]    --> /opt/rustwide/cargo-home/registry/src/github.com-1ecc6299db9ec823/cryptonote-account-0.1.4/src/lib.rs:117:43
[INFO] [stdout]     |
[INFO] [stdout] 117 |     let view: Keypair = Keypair::generate(&mut view_rng);
[INFO] [stdout]     |                                           ^^^^^^^^^^^^^ the trait `rand_core::RngCore` is not implemented for `rand::rngs::OsRng`
[INFO] [stdout]     | 
[INFO] [stdout]    ::: /opt/rustwide/cargo-home/registry/src/github.com-1ecc6299db9ec823/ed25519-dalek-1.0.0/src/keypair.rs:130:24
[INFO] [stdout]     |
[INFO] [stdout] 130 |         R: CryptoRng + RngCore,
[INFO] [stdout]     |                        ------- required by this bound in `Keypair::generate`
[INFO] [stdout] 
[INFO] [stdout] 
[INFO] [stdout] error: aborting due to 4 previous errors
[INFO] [stdout] 
[INFO] [stdout] 
[INFO] [stdout] For more information about this error, try `rustc --explain E0277`.
[INFO] [stdout] 
[INFO] [stderr] error: could not compile `cryptonote-account`.
[INFO] [stderr] 
[INFO] [stderr] To learn more, run the command again with --verbose.
[INFO] [stderr] warning: build failed, waiting for other jobs to finish...
[INFO] [stderr] error: build failed
[INFO] running `Command { std: "docker" "inspect" "264174a19bd0e4872a1908ee509b375190233eb07fb88f2f22e481a1d157c238", kill_on_drop: false }`
[INFO] running `Command { std: "docker" "rm" "-f" "264174a19bd0e4872a1908ee509b375190233eb07fb88f2f22e481a1d157c238", kill_on_drop: false }`
[INFO] [stdout] 264174a19bd0e4872a1908ee509b375190233eb07fb88f2f22e481a1d157c238
